{"id":53,"date":"2025-12-18T12:19:19","date_gmt":"2025-12-18T11:19:19","guid":{"rendered":"https:\/\/challengedelaveille2026.univ-lyon3.fr\/?page_id=53"},"modified":"2026-02-06T14:08:40","modified_gmt":"2026-02-06T13:08:40","slug":"la-finale","status":"publish","type":"page","link":"https:\/\/challengedelaveille2026.univ-lyon3.fr\/?page_id=53","title":{"rendered":"La finale"},"content":{"rendered":"\n<p class=\"has-text-align-center has-text-color has-link-color has-bbh-bartle-font-family has-x-large-font-size wp-elements-43e3772a5f74d1b80112dc2577347a91\" style=\"color:#ff8a1c\">La finale de la CDLV edition 2026<\/p>\n\n\n\n<p class=\"has-medium-font-size\">Apr\u00e8s avoir d\u00e9croch\u00e9 le titre en 2025, l\u2019IUT Lyon 3 accueille la&nbsp;<strong>grande finale<\/strong>&nbsp;le&nbsp;<strong>5 f\u00e9vrier<\/strong>. Pendant toute la journ\u00e9e,&nbsp;<strong>8 \u00e9quipes finalistes<\/strong>&nbsp;s\u2019affronteront \u00e0 l\u2019oral sur une probl\u00e9matique \u00e9tudi\u00e9e pendant une semaine.<\/p>\n\n\n\n<p class=\"has-medium-font-size\">Qui saura convaincre le jury et repartir avec le titre de&nbsp;<strong>grand gagnant 2026<\/strong>&nbsp;? Rendez-vous le 5 f\u00e9vrier pour le d\u00e9couvrir !<\/p>\n\n\n\n<div class=\"wp-block-kadence-spacer aligncenter kt-block-spacer-53_4d3cee-99\"><div class=\"kt-block-spacer kt-block-spacer-halign-center\"><hr class=\"kt-divider\"\/><\/div><\/div>\n\n\n\n<p class=\"has-text-color has-link-color has-bbh-bartle-font-family has-large-font-size wp-elements-f461920c4568e056bc4a151467073743\" style=\"color:#994cf1\">Le planning de la journee <\/p>\n\n\n\n<p class=\"has-contrast-color has-text-color has-link-color has-medium-font-size wp-elements-e286e1a6dbc630e1dd1f3d5ed271ee14\">Le&nbsp;<strong>Challenge de la Veille \u2013 \u00c9dition 2026<\/strong>&nbsp;se d\u00e9roulera sur une journ\u00e9e \u00e0&nbsp;<strong>l\u2019IUT Lyon 3<\/strong>, au c\u0153ur de la ville de Lyon. La journ\u00e9e sera rythm\u00e9e par les diff\u00e9rentes \u00e9tapes du challenge, alternant temps de travail, pr\u00e9sentations et \u00e9changes entre les participants. Afin de rendre l\u2019\u00e9v\u00e9nement encore plus&nbsp;<strong>convivial et ludique<\/strong>, plusieurs&nbsp;<strong>activit\u00e9s seront propos\u00e9es tout au long de la journ\u00e9e<\/strong>, favorisant la coh\u00e9sion, la cr\u00e9ativit\u00e9 et le partage. Un programme pens\u00e9 pour allier&nbsp;<strong>r\u00e9flexion, innovation et fun<\/strong>, dans une ambiance dynamique et stimulante.<\/p>\n\n\n\n<div class=\"wp-block-buttons is-layout-flex wp-block-buttons-is-layout-flex\">\n<div class=\"wp-block-button\"><a class=\"wp-block-button__link wp-element-button\" href=\"https:\/\/export-download.canva.com\/cxV20\/DAHANDcxV20\/21\/0-2924454866971521564.pdf?X-Amz-Algorithm=AWS4-HMAC-SHA256&amp;X-Amz-Credential=AKIAQYCGKMUH5AO7UJ26%2F20260202%2Fus-east-1%2Fs3%2Faws4_request&amp;X-Amz-Date=20260202T075803Z&amp;X-Amz-Expires=51415&amp;X-Amz-Signature=54a344912752384aa7af68a10d6b51984525b446cecf44c93bb0aeb9e0fbbcd5&amp;X-Amz-SignedHeaders=host&amp;response-content-disposition=attachment%3B%20filename%2A%3DUTF-8%27%27Programme%2520CDLV%2520%25C3%25A9dition%25202026.pdf&amp;response-expires=Mon%2C%2002%20Feb%202026%2022%3A14%3A58%20GMT\">T\u00e9l\u00e9charger le <strong>planning de la journ\u00e9e <\/strong><\/a><\/div>\n<\/div>\n\n\n\n<p class=\"has-text-align-center has-text-color has-link-color has-bbh-bartle-font-family has-large-font-size wp-elements-09429f7833b455b4a20f2e88f7ff40ea\" style=\"color:#994cf1;margin-top:var(--wp--preset--spacing--50)\">Video de la grande final du Challenge de la Veille 2026<\/p>\n\n\n\n<figure class=\"wp-block-embed is-type-video is-provider-youtube wp-block-embed-youtube wp-embed-aspect-16-9 wp-has-aspect-ratio\"><div class=\"wp-block-embed__wrapper\">\n<iframe loading=\"lazy\" title=\"Challenge de la veille 2026 | Finale\" width=\"500\" height=\"281\" src=\"https:\/\/www.youtube.com\/embed\/R6-xU12_Qxw?feature=oembed\" frameborder=\"0\" allow=\"accelerometer; autoplay; clipboard-write; encrypted-media; gyroscope; picture-in-picture; web-share\" referrerpolicy=\"strict-origin-when-cross-origin\" allowfullscreen><\/iframe>\n<\/div><\/figure>\n","protected":false},"excerpt":{"rendered":"<p>La finale de la CDLV edition 2026 Apr\u00e8s avoir d\u00e9croch\u00e9 le titre en 2025, l\u2019IUT Lyon 3 accueille la&nbsp;grande finale&nbsp;le&nbsp;5 f\u00e9vrier. Pendant toute la journ\u00e9e,&nbsp;8 \u00e9quipes finalistes&nbsp;s\u2019affronteront \u00e0 l\u2019oral sur [&hellip;]<\/p>\n","protected":false},"author":7,"featured_media":0,"parent":0,"menu_order":0,"comment_status":"closed","ping_status":"closed","template":"","meta":{"_monsterinsights_skip_tracking":false,"_monsterinsights_sitenote_active":false,"_monsterinsights_sitenote_note":"","_monsterinsights_sitenote_category":0,"_EventAllDay":false,"_EventTimezone":"","_EventStartDate":"","_EventEndDate":"","_EventStartDateUTC":"","_EventEndDateUTC":"","_EventShowMap":false,"_EventShowMapLink":false,"_EventURL":"","_EventCost":"","_EventCostDescription":"","_EventCurrencySymbol":"","_EventCurrencyCode":"","_EventCurrencyPosition":"","_EventDateTimeSeparator":"","_EventTimeRangeSeparator":"","_EventOrganizerID":[],"_EventVenueID":[],"_OrganizerEmail":"","_OrganizerPhone":"","_OrganizerWebsite":"","_VenueAddress":"","_VenueCity":"","_VenueCountry":"","_VenueProvince":"","_VenueState":"","_VenueZip":"","_VenuePhone":"","_VenueURL":"","_VenueStateProvince":"","_VenueLat":"","_VenueLng":"","_VenueShowMap":false,"_VenueShowMapLink":false,"footnotes":""},"class_list":["post-53","page","type-page","status-publish","hentry"],"_links":{"self":[{"href":"https:\/\/challengedelaveille2026.univ-lyon3.fr\/index.php?rest_route=\/wp\/v2\/pages\/53","targetHints":{"allow":["GET"]}}],"collection":[{"href":"https:\/\/challengedelaveille2026.univ-lyon3.fr\/index.php?rest_route=\/wp\/v2\/pages"}],"about":[{"href":"https:\/\/challengedelaveille2026.univ-lyon3.fr\/index.php?rest_route=\/wp\/v2\/types\/page"}],"author":[{"embeddable":true,"href":"https:\/\/challengedelaveille2026.univ-lyon3.fr\/index.php?rest_route=\/wp\/v2\/users\/7"}],"replies":[{"embeddable":true,"href":"https:\/\/challengedelaveille2026.univ-lyon3.fr\/index.php?rest_route=%2Fwp%2Fv2%2Fcomments&post=53"}],"version-history":[{"count":6,"href":"https:\/\/challengedelaveille2026.univ-lyon3.fr\/index.php?rest_route=\/wp\/v2\/pages\/53\/revisions"}],"predecessor-version":[{"id":662,"href":"https:\/\/challengedelaveille2026.univ-lyon3.fr\/index.php?rest_route=\/wp\/v2\/pages\/53\/revisions\/662"}],"wp:attachment":[{"href":"https:\/\/challengedelaveille2026.univ-lyon3.fr\/index.php?rest_route=%2Fwp%2Fv2%2Fmedia&parent=53"}],"curies":[{"name":"wp","href":"https:\/\/api.w.org\/{rel}","templated":true}]}}